0213313 (base 5) to base 13
-2cb89
What is -130340 (base 8) in base 9?
-68101
-560335 (base 7) to base 16
-18136
Convert -110c21 (base 13) to base 2.
-1100010000111110101
Convert -36256 (base 13) to base 16.
-183ca
c4ca (base 16) to base 14
14506
What is 526a (base 13) in base 14?
4231
Convert -12113341 (base 5) to base 16.
-1bbbc
-1120444 (base 6) to base 13
-20059
What is 140610 (base 10) in base 13?
4c002
Convert -26641544 (base 7) to base 5.
-1112322141
Convert -2010202200021 (base 3) to base 13.
-30a6ab
Convert 445155 (base 6) to base 3.
1220100122
293137 (base 11) to base 8
1576451
Convert 65925 (base 11) to base 5.
11024432
1020100201220 (base 3) to base 10
656637
1111011001010000111 (base 2) to base 16
7b287
What is -330614 (base 9) in base 8?
-601321
What is -303221013 (base 4) in base 6?
-4311143
-101020001121 (base 3) to base 15
-3e967
What is 13473046 (base 8) in base 10?
3044902
Convert 5bb94 (base 12) to base 14.
33488
Convert -31b4c4 (base 13) to base 16.
-11d053
-161a87 (base 11) to base 2
-111101011010001101
17657 (base 15) to base 5
4410212
370857 (base 9) to base 3
102100221221
a1993b (base 12) to base 3
11202022221202
20154144 (base 8) to base 10
4249700
-13618 (base 15) to base 3
-10011012212
What is -169505 (base 12) in base 10?
-389525
What is -33302232 (base 4) in base 11?
-44666
What is -159ba (base 16) in base 5?
-10313011
What is -3326821 (base 9) in base 2?
-110110100111011000001
Convert -32708 (base 12) to base 10.
-66680
Convert -1111311030 (base 4) to base 10.
-351564
What is -370dc6 (base 14) in base 13?
-510062
-231123223202 (base 4) to base 13
-260cc6c
-13015565 (base 7) to base 8
-4402342
What is 1010052 (base 8) in base 7?
2156222
-385006 (base 9) to base 4
-320331012
What is -7725 (base 13) in base 9?
-24676
What is 15a15a7 (base 14) in base 11?
5a94a63
Convert -33204204 (base 5) to base 14.
-76d94
What is 125231531 (base 6) in base 4?
21200203033
What is -68ba2 (base 14) in base 3?
-110221110001
Convert -a07006 (base 13) to base 10.
-3728315
What is -11121110120010 (base 3) in base 7?
-26552262
-113011010 (base 4) to base 8
-270504
What is 321021212 (base 4) in base 14?
61446
Convert 1052052 (base 6) to base 12.
27028
What is 26b1ff (base 16) in base 9?
4684575
Convert -13546c (base 13) to base 9.
-783867
What is 31001110 (base 4) in base 6?
1050524
What is -1511a2 (base 13) in base 9?
-866565
What is 66351 (base 14) in base 5?
30410434
What is 418332 (base 9) in base 13?
89372
What is 110011330 (base 4) in base 16?
1417c
-135881 (base 10) to base 13
-49b05
144110 (base 12) to base 6
11132420
What is -22f3d0 (base 16) in base 13?
-622811
What is a1a19 (base 16) in base 12?
27b161
What is 11010110011011111 (base 2) in base 10?
109791
Convert -6277c (base 15) to base 7.
-2440116
130101332 (base 4) to base 8
342176
Convert 42112230 (base 6) to base 13.
33a680
Convert 4ec60a (base 15) to base 10.
3788110
Convert 1110110000100000 (base 2) to base 15.
12d9d
What is 63259 (base 13) in base 10?
178369
What is -732cca (base 13) in base 12?
-a9958a
-5442e9 (base 15) to base 5
-2011413134
What is 6596b (base 14) in base 15?
4cda0
Convert 1149a6 (base 15) to base 4.
3021211101
What is -10d9789 (base 14) in base 6?
-444352141
83a070 (base 11) to base 13
3816aa
Convert -b0574 (base 16) to base 14.
-14b324
2547931 (base 10) to base 14
4a4791
What is 1421130421 (base 5) in base 15?
4ce191
1025553 (base 9) to base 12
225619
Convert -f9f40 (base 16) to base 6.
-33535504
What is 4203479 (base 10) in base 14?
7b5c47
What is -114404564 (base 7) in base 16?
-6cc317
Convert 21120210201 (base 3) to base 6.
3111114
Convert 5251144 (base 8) to base 16.
155264
What is -643675 (base 8) in base 5?
-23334343
18263186 (base 10) to base 12
6148b82
Convert 14a1831 (base 12) to base 10.
4191589
-1049a9c (base 13) to base 4
-102323211111
What is -332120302122 (base 4) in base 5?
-13141320313
What is -543242 (base 6) in base 15?
-d425
Convert 233203210 (base 4) to base 14.
50db6
What is -59c82 (base 13) in base 5?
-20232322
Convert -81a62a (base 11) to base 9.
-2426663
What is 3a61 (base 13) in base 2?
10000010101000
Convert 525414 (base 6) to base 4.
22123102
Convert 54444 (base 11) to base 7.
446333
-126788 (base 12) to base 7
-2364560
3571685 (base 9) to base 2
111011000110110010011
What is 45aab (base 14) in base 13?
5c1c1
What is -3031515 (base 6) in base 7?
-1140410
Convert -20c197 (base 14) to base 11.
-698156
-2436360 (base 8) to base 2
-10100011110011110000
1011000010100000 (base 2) to base 10
45216
2212200123 (base 4) to base 2
10100110100000011011
13121223311 (base 4) to base 10
1940213
-1dc51 (base 16) to base 13
-4366a
What is -87cee (base 15) in base 8?
-1512675
-21013010 (base 4) to base 9
-56162
89b9 (base 16) to base 9
53324
10b624 (base 13) to base 14
a46da
Convert 11556101 (base 8) to base 5.
1122444003
-53024244 (base 6) to base 2
-101111000110000100100
What is -137530 (base 8) in base 13?
-193b0
Convert -891118 (base 12) to base 8.
-10240144
-4546201 (base 9) to base 14
-47b71c
-150310456 (base 7) to base 16
-979ad7
Convert -123210133121 (base 4) to base 12.
-25065b5
What is 76137 (base 11) in base 9?
177676
Convert -453c2 (base 16) to base 7.
-2260532
Convert -2d0d70 (base 14) to base 9.
-2864172
Convert a8204 (base 12) to base 2.
110110000100100100
What is -1ac2a1 (base 13) in base 7?
-5545254
415550 (base 7) to base 3
10122020202
Convert 31121003101 (base 4) to base 2.
1101011001000011010001
Convert -224543 (base 6) to base 5.
-1103330
What is 1110110100010000 (base 2) in base 3?
10002020201
Convert 25614 (base 7) to base 8.
15246
What is 133548a (base 12) in base 6?
213311054
Convert 13595 (base 16) to base 9.
130638
Convert -4f95b (base 16) to base 14.
-86b23
-1a35345 (base 11) to base 14
-655189
Convert 1d1c86 (base 14) to base 9.
1857863
Convert 1010010001100011011 (base 2) to base 9.
562734
-14001141 (base 5) to base 12
-69590
10022221 (base 4) to base 5
1021230
Convert 33302230131 (base 4) to base 7.
50121255
What is 3866171 (base 9) in base 10?
2110600
303143420 (base 5) to base 12
4b09b8
-2656130 (base 7) to base 2
-1010101100001000001
Convert -2210221221 (base 3) to base 14.
-16275
Convert -388068 (base 9) to base 5.
-30014104
What is 3321001012 (base 5) in base 8?
33364671
What is 33321135 (base 8) in base 14?
d50617
Convert a3210 (base 14) to base 8.
1377136
What is 426238 (base 11) in base 2?
10100110011100011011
33223b (base 16) to base 7
40324653
Convert -37007 (base 9) to base 3.
-1021000021
Convert 18a304 (base 11) to base 2.
1000111010000010000
What is -1001121 (base 4) in base 10?
-4185
Convert 106554 (base 12) to base 14.
6aa64
235411222 (base 6) to base 12
15b3b12
Convert -94a1403 (base 11) to base 8.
-77660341
246896 (base 11) to base 8
1371135
-11110000011101000111111 (base 2) to base 5
-4004113411
Convert 56981b (base 12) to base 6.
45405235
What is 2749999 (base 11) in base 9?
8827082
Convert 35331210 (base 6) to base 2.
100001100101100110110
What is 133030122130 (base 4) in base 16?
7cc69c
Convert -111d0 (base 14) to base 15.
-c493
Convert 11011101011100001 (base 2) to base 16.
1bae1
91ac0 (base 13) to base 4
333233210
Convert 43ca (base 15) to base 3.
201201001
6001548 (base 9) to base 7
36053531
1101101000010110010001 (base 2) to base 13
9814a9
-9068b (base 13) to base 12
-1054aa
1efb75 (base 16) to base 9
3734228
Convert 29391 (base 14) to base 4.
120331203
108b3 (base 14) to base 11
28182
What is b4955 (base 15) in base 5?
121304410
What is -13041013 (base 5) in base 11?
-87990
15535325 (base 10) to base 7
246022331
What is -102202122111 (base 3) in base 5?
-24402230
941291 (base 10) to base 6
32101455
What is -11120210 (base 3) in base 15?
-ecc
-57034 (base 9) to base 4
-21100303
What is 1314401202 (base 5) in base 6?
154133154
Convert 100000011011011 (base 2) to base 4.
10003123
Convert -15045145 (base 6) to base 13.
-152630
8d08 (base 15) to base 5
1424213
What is 11002221200 (base 3) in base 2?
10011101111110011
211022210221122 (base 3) to base 6
1102151155
-1000110010101011011 (base 2) to base 12
-11a877
Convert -155030433 (base 7) to base 3.
-201201100100220
What is -5352101 (base 6) in base 3?
-111101112101
-1f52a (base 16) to base 4
-133110222
Convert -261771 (base 8) to base 